 -11*s**2 - 3*s + 3. Let p(x) = -12*x**2 - 4*x + 4. Let m(y) = 4*n(y) - 3*p(y). Calculate m(1).
-8
Let b(r) = -r**2 - 7*r - 6. Let t(u) = 3*u + 4. Suppose -6*c + 36 = -2*c. Let x(y) = -12*y - 17. Let l(f) = c*t(f) + 2*x(f). Let p be l(-2). Give b(p).
6
Let w(b) = 0 - 4*b - 5 + 4*b**2 - 3*b**2. Suppose -15*x = -20*x + 160. Suppose 12*d - x = 4*d. Give w(d).
-5
Let q(x) = x**2 + 4*x + 3. Let k be -8 - (-5)/((-5)/(-2)). Let i be ((-2)/k)/(1/(-6)). Determine q(i).
-1
Let w(q) be the first derivative of -9*q**5/20 + q**2/2 + 3*q + 3. Let v(n) be the first derivative of w(n). What is v(1)?
-8
Let m(v) = 5*v**2 - v + 1. Let c be m(1). Let o(d) = 12 - d - 3 - 2. Give o(c).
2
Let g(m) = -m**2 + 5*m + 5. Let x(p) = -p**3. Let a(r) = -5*r**3 + 4*r**2 - 4*r. Let n = 11 + -5. Let d(t) = n*x(t) - a(t). Let c be d(-5). Calculate g(c).
5
Let m be (-18 + 17)/((-2)/8). Let s(h) = h**3 - 4*h**2 - 3. What is s(m)?
-3
Suppose -4*a = -2*v + 34, 0*v - 3*a - 21 = -v. Let h(n) = 2 + v*n - 2 - 2 + 3. Give h(-1).
-8
Let j = -5 - -8. Suppose -2*d - 1 = j. Let u(k) = k - 6. Let b(y) = 5. Let x(p) = -4*b(p) - 3*u(p). Determine x(d).
4
Let u(t) = -4*t - 2. Let l(k) = 2*k + 1. Let x(m) = 11*l(m) + 6*u(m). What is x(2)?
-5
Let l(x) = -x**3 - x**2 - 2*x - 3. Let z be l(-2). Suppose 0 = i - z*t - 20, -4*i + 0*t = -4*t. Let g(k) = -k + 1. Calculate g(i).
6
Let n(k) = k - 4. Let j = 58 + -54. What is n(j)?
0
Let z(u) = 2*u**3 + u**2 + 2. Let g be z(0). Let n(h) = 7*h**2 - 2*h - 1. Calculate n(g).
23
Let j = 1 - 2. Let y = 3 + j. Let i(n) = -4*n + y*n + 3*n. Give i(1).
1
Let m(k) = k**2 - 3*k - 6. Suppose 0 = -h - h + 30. Let y(s) = s**3 - s**2 + s + 3. Let n be y(0). Suppose 0 = n*w + 3, 8*w = -4*r + 3*w + h. Give m(r).
4
Let z = 1 - -1. Let j(f) = f**2 - 8*f. Let h be j(8). Let q(o) = -7*o + 3 + o**z + 1 + h. What is q(5)?
-6
Let r(h) = 11*h**2 + 11*h. Let o(k) = -5*k**2 - 5*k. Let j(g) = 13*o(g) + 6*r(g). Calculate j(2).
6
Let p(i) = -8*i + 2. Let c(h) = -h**2 - 2*h + 16. Let n be c(3). Give p(n).
-6
Suppose 2*y + 0 = 8. Let s(g) = -2 + 1 + 2 + 4*g - y. Suppose 2*d + 0*d = 4. Calculate s(d).
5
Let f(a) = -4*a + 4. Let y be f(0). Let j(m) = -m**2 + 4*m - 2. What is j(y)?
-2
Let t(z) = z + 2. Let a(x) = -2*x**3 + x**2 - 2*x + 2. Let s be a(1). Calculate t(s).
1
Suppose 4*h = 4*q + 4, -q + 7 = 4*h - 12. Let y(j) = q*j**2 - 4*j**2 + 2*j + 2 - 3. Determine y(2).
-1
Suppose 2 = -2*d + 6. Let u(m) = m**d - m**2 - 3 - m**2. What is u(0)?
-3
Let h(o) = o**3 + 2*o**2 - 1. Let u(k) = k + 12. Let f be u(-9). Let m be (10/(-3) + 4)*f. What is h(m)?
15
Let u(a) be the third derivative of -a**7/168 + a**5/60 + a**4/24 - 4*a**3/3 + 8*a**2. Let r(q) be the first derivative of u(q). Give r(-1).
4
Let s(c) be the third derivative of 7*c**5/60 - 2*c**2. Let l = -80 + 79. Calculate s(l).
7
Let d(z) = 3*z**3 + 0*z**2 - 4*z**3 + 2*z + 6 - 4*z**2. Let s(m) = -m + 5. Let v be s(5). Let l = -4 + v. Give d(l).
-2
Let l(c) = -11*c**2 - 25*c + 4. Let h(o) = -5*o**2 - 12*o + 2. Let r(g) = -13*h(g) + 6*l(g). Determine r(5).
3
Let o(i) = -7*i**2 + 37 - 9*i - 29 + 0*i**2 + i**3. Calculate o(8).
0
Let c(b) = b + 1. Let m be c(4). Suppose -m = d - 8. Let x(r) = r**3 - 5*r**2 + 5*r - 2. Determine x(d).
-5
Let y be 6/9*(-27)/(-2). Let z be (12/y)/((-1)/3). Let a(i) = -i**2 - 5*i + 1. Determine a(z).
5
Let i(o) = -o + 6. Let j = 0 - -2. Suppose -t - j*t = -15. Suppose 9 = t*a - 6. Give i(a).
3
Let d(h) = -5*h - 6. Let o(z) = 4*z + 5. Suppose -5*n + 9 + 6 = 0. Let t(m) = n*d(m) + 4*o(m). Calculate t(5).
7
Let c(u) = -5*u - 1. Let a = 1 - 0. Let q(m) = -m. Let o(h) = a*c(h) - 4*q(h). Calculate o(-4).
3
Suppose -3*z + 8 = 26. Let t(v) = 2*v - 2. Let d(x) = -4. Let k(y) = y. Let p(a) = -d(a) - 5*k(a). Let l(b) = z*p(b) - 14*t(b). What is l(-3)?
-2
Suppose 3*o - 7 = 5. Let s(f) be the third derivative of -1/120*f**6 + 1/60*f**5 - 2/3*f**3 + 0*f + 0*f**o + 0 - f**2. What is s(0)?
-4
Let b(i) = i**2 + 2*i - 3. Suppose 40 = 3*k + 2*k. Suppose -2*y - k = -2. Let t be (-3 + 1)/((-2)/y). Determine b(t).
0
Suppose r - 4 + 1 = 0. Let b(f) = -3*f + r*f - 4 - 3*f. Determine b(-3).
5
Let u(l) = 4*l**2 - l - 4. Let n(o) = -5*o**2 + 2*o + 4. Let a(s) = -3*n(s) - 4*u(s). Calculate a(-3).
1
Let y(s) = 3*s - 2. Let l(p) be the second derivative of 2*p**3/3 - 3*p**2/2 + 4*p. Let x(q) = 5*l(q) - 6*y(q). Give x(4).
5
Suppose 3*j = 4*j - 2. Let b(m) = -2*m. Give b(j).
-4
Let u = -19 + 22. Suppose -u*o + 12 = 30. Let x(l) = -l - 7. Give x(o).
-1
Let r(w) = -w**2 - 7*w - 9. Suppose 0*u = 2*u - 42. Suppose -27 = 2*y - 5*j, 3*y = -2*y - 3*j - u. Give r(y).
-3
Let f(y) = 2*y**3 - 7*y**2 + 8*y + 8. Let a(n) = -n**3 + 3*n**2 - 4*n - 4. Let x(r) = 7*a(r) + 4*f(r). Let b(h) = -h + 1. Let k be b(-5). What is x(k)?
-8
Suppose 5*b - 3 = 3*u, -2*u - u - b = 3. Let a be 3*(0 + 1)/u. Let i(m) = -3*m - 4. What is i(a)?
5
Suppose 3*v - 8*v = -5. Suppose -2 + 5 = 3*y. Let s(p) = p - 2*p + 5*p + y. Give s(v).
5
Let u(x) = -x**2 - 9*x + 2. Let p be u(-9). Suppose 0 = -p*s + 2*a - a - 14, s + 7 = -5*a. Let t(o) = o + 7. What is t(s)?
0
Let b(c) = -2*c - c**2 + 3*c - 8 + 2*c**2. Let h = 52 - 52. Determine b(h).
-8
Suppose -20 - 4 = 4*c. Let o(s) = -1. Let v(k) = 3*k + 21. Let m(l) = 12*o(l) + v(l). Calculate m(c).
-9
Let c(a) = 4*a**3 + 2*a**2 - 5*a. Let q(v) = v**3 - v**2 - v + 1. Let m(t) = c(t) - 3*q(t). Calculate m(-5).
7
Let y(o) be the third derivative of -o**8/5040 + o**6/720 + o**5/15 - o**2. Let h(j) be the third derivative of y(j). What is h(-1)?
-3
Suppose 10 = -5*o + 30. Let u(b) = b**3 - 1 + 2 - o*b**2 - b - 4. Give u(4).
-7
Let d(s) = -2*s + 1. Let m(h) = -5*h + 3. Let k(n) = -8*d(n) + 3*m(n). Let q(a) = a**2 - 6*a - 8. Let f(z) = 5*k(z) + q(z). Calculate f(0).
-3
Let q(d) = -d - 2. Let f = 11 + -15. Give q(f).
2
Let q(k) = -k**3 + 10*k**2 - 9*k + 2. Let w be q(9). Let f(z) = z**2 - 2*z + 3. Calculate f(w).
3
Let y(i) = -2*i + 8. Let u(n) = n**3 - n**2 + n. Let q be u(0). Suppose -a + 6*a = d + 30, -3*d = q. Give y(a).
-4
Suppose -3 = -3*i + 2*i. Suppose p + 7 = 2*s, 0 = i*s + 2*p - 3 - 11. Let y(c) = c**2 - 4*c - 5. Give y(s).
-5
Let t(h) be the third derivative of 0 + 0*h + 0*h**3 - 1/60*h**5 - 2*h**2 - 1/6*h**4. Let x(p) = -p**2 + 3*p - 3. Let g be x(3). Calculate t(g).
3
Let v(y) = y**3 + 3*y**2 - 4*y + 3. Let m(q) = 2*q**3 + 3*q**2 + 3*q + 6. Let p be m(-2). What is v(p)?
3
Let z be 1/(28/(-10) + 3). Suppose 4*w - 5*w + 3*j = -1, 0 = z*w - j + 23. Let d(y) = y**2 + 5*y + 6. Determine d(w).
6
Let t(x) = -9*x**2 - x**3 - x**2 - x + 4 - x + 4*x**2. Give t(-6).
16
Suppose 39 = 5*x - 4*w + w, -3*x + 4*w + 30 = 0. Let y(i) be the second derivative of -i**3/3 + 2*i**2 - i. What is y(x)?
-8
Suppose 7*l - 3*l = 0. Let k(m) be the second derivative of -1/2*m**3 - m + 0*m**2 - 1/6*m**4 + l. Give k(-2).
-2
Let h be 18/4*6/9. Let j = 16 - 14. Suppose -h*i = j*i - 15. Let p(b) = -b**3 + 4*b**2 - 3*b + 4. What is p(i)?
4
Let z(d) = -d**3 - d + 2. Let o(h) = -h**3 + 2*h**2 + 3*h + 2. Let t be o(3). Determine z(t).
-8
Let h(p) be the first derivative of 0*p - 5*p - 2 + 4*p + 2*p - p**2. Give h(-1).
3
Let h(o) = o - 4. Let s be h(5). Let f(y) = -y. Let z(k) = 2*k - 7. Let c(d) = s*z(d) - f(d). Calculate c(5).
8
Let a(h) = 40*h - h**2 - 23*h - 22*h + 2. Determine a(-3).
8
Let x(r) = 3*r + 26. Let q(s) = -s - 9. Let i(k) = -11*q(k) - 4*x(k). Let v = -9 - -11. Suppose 0*j = v*j + 12. Give i(j).
1
Let b(j) = -8*j**2 + 2*j + 9 - 5 + j**3 - j - 9. Calculate b(8).
3
Suppose 3 = 4*r - 5*r, 7 = 5*p + r. Let h(a) = 3*a - a**2 - 1 + 3*a - p*a - 5*a. Let d(f) = -5*f**2 - 6*f - 8. Let b(q) = -d(q) + 6*h(q). Give b(0).
2
Suppose 17 = 2*q - q. Let t(s) = 14*s**3 - 35*s**2 - 11*s - 5. Let l(b) = -5*b**3 + 12*b**2 + 4*b + 2. Let o(w) = q*l(w) + 6*t(w). Give o(-6).
-8
Let a(j) = -j. Suppose -5*i + 4*z + 16 = 3, i + 5 = -3*z. Let l(x) = 2*x - 4. Let b(n) = i*l(n) + a(n). Determine b(0).
-4
Let q(f) = -f**3 + 6*f**2 - 2*f + 9. Let y(o) = -3*o - 3. Let c be y(-3). What is q(c)?
-3
Let a(m) be the third derivative of -m**7/840 + m**6/180 + m**5/120 + m**4/24 - m**3/3 + m**2. Let p(f) be the first derivative of a(f). Give p(3).
-5
Let u(h) = -5*h**3 - 2*h**2 - 8*h - 4. Let k(y) = -y**3 + y**2 - y. Let i(v) = 4*k(v) - u(v). Calculate i(-5).
9
Let p(u) = 12*u**3 - 3*u**2 - 3*u + 